{"id":294,"date":"2016-10-06T03:56:06","date_gmt":"2016-10-06T03:56:06","guid":{"rendered":"http:\/\/demowp.cththemes.com\/bloom\/?page_id=294"},"modified":"2022-06-28T10:06:46","modified_gmt":"2022-06-28T10:06:46","slug":"contact","status":"publish","type":"page","link":"https:\/\/www.supaymarketing.com\/photostock\/index.php\/contact\/","title":{"rendered":"Contacto"},"content":{"rendered":"<p>[vc_row css=&#8221;.vc_custom_1487980213206{padding-top: 90px !important;}&#8221;][vc_column el_class=&#8221;is-small-container&#8221;][bloom_section_title title_text=&#8221;Contacto&#8221; subtitle_text=&#8221;&#8221;][\/bloom_section_title][vc_column_text css=&#8221;.vc_custom_1656408066098{margin-bottom: 0px !important;}&#8221;]Creemos que adem\u00e1s del talento humano es necesario un soporte t\u00e9cnico y tecnol\u00f3gico en la producci\u00f3n audiovisual, es por ello que contamos con las herramientas necesarias para ofrecer la m\u00e1s alta calidad en producci\u00f3n audiovisual.<\/p>\n<p>Si tienes alg\u00fan proyecto en mente, cu\u00e9ntanos y te ayudaremos con \u00e9l.[\/vc_column_text][vc_raw_html css=&#8221;.vc_custom_1656407640583{margin-bottom: 0px !important;}&#8221;]JTNDdWwlMjBjbGFzcyUzRCUyMmZsLXdyYXAlMjBjb250YWN0LWxpc3QlMjIlM0UlMEElMjAlMjAlMjAlMjAlM0NsaSUzRSUwQSUyMCUyMCUyMCUyMCUyMCUyMCUyMCUyMCUzQ3NwYW4lM0VDZWx1bGFyJTIwJTNBJTIwJTNDJTJGc3BhbiUzRSUzQ2ElMjBocmVmJTNEJTIyJTIzJTIyJTNFJTJCNTElMjA5Nzc2OTcwNjYlM0MlMkZhJTNFJTBBJTIwJTIwJTIwJTIwJTNDJTJGbGklM0UlMEElMjAlMjAlMjAlMjAlM0NsaSUzRSUwQSUyMCUyMCUyMCUyMCUyMCUyMCUyMCUyMCUzQ3NwYW4lM0VDb3JyZW8lMjAlM0ElMjAlM0MlMkZzcGFuJTNFJTNDYSUyMGhyZWYlM0QlMjIlMjMlMjIlM0V5dWdhcnRlJTQwc3VwYXltYXJrZXRpbmcuY29tJTNDJTJGYSUzRSUwQSUyMCUyMCUyMCUyMCUzQyUyRmxpJTNFJTBBJTIwJTIwJTIwJTIwJTNDbGklM0UlMEElMjAlMjAlMjAlMjAlMjAlMjAlMjAlMjAlM0NzcGFuJTNFRGlyZWNjaSVDMyVCM24lMjAlM0ElMjAlM0MlMkZzcGFuJTNFJTIwJTNDYSUyMGhyZWYlM0QlMjIlMjMlMjIlM0VVcmIlMjBLZW5uZWR5JTIwQSUyMC0lMjBENSUzQyUyRmElM0UlMEElMjAlMjAlMjAlMjAlM0MlMkZsaSUzRSUwQSUzQyUyRnVsJTNF[\/vc_raw_html][vc_column_text css=&#8221;.vc_custom_1487348150356{margin-bottom: 0px !important;}&#8221;]Nemo enim ipsam voluptatem quia voluptas sit aspernatur aut odit aut fugit, sed quia consequuntur magni dolores eos qui ratione voluptatem sequi nesciunt.<\/p>\n<p>[\/vc_column_text][bloom_button title=&#8221;Escr\u00edbeme &#8221; icon=&#8221;&#8221; is_popup=&#8221;yes&#8221; link=&#8221;url:%23|||&#8221;]\n<div class=\"wpcf7 no-js\" id=\"wpcf7-f5-o1\" lang=\"en-US\" dir=\"ltr\">\n<div class=\"screen-reader-response\"><p role=\"status\" aria-live=\"polite\" aria-atomic=\"true\"><\/p> <ul><\/ul><\/div>\n<form action=\"\/photostock\/index.php\/wp-json\/wp\/v2\/pages\/294#wpcf7-f5-o1\" method=\"post\" class=\"wpcf7-form init\" aria-label=\"Contact form\" novalidate=\"novalidate\" data-status=\"init\">\n<div style=\"display: none;\">\n<input type=\"hidden\" name=\"_wpcf7\" value=\"5\" \/>\n<input type=\"hidden\" name=\"_wpcf7_version\" value=\"5.9.8\" \/>\n<input type=\"hidden\" name=\"_wpcf7_locale\" value=\"en_US\" \/>\n<input type=\"hidden\" name=\"_wpcf7_unit_tag\" value=\"wpcf7-f5-o1\" \/>\n<input type=\"hidden\" name=\"_wpcf7_container_post\" value=\"0\" \/>\n<input type=\"hidden\" name=\"_wpcf7_posted_data_hash\" value=\"\" \/>\n<\/div>\n<div class=\"close-contact\">\n<\/div>\n<div id=\"contact-forms\">\n\t<p><span class=\"wpcf7-form-control-wrap\" data-name=\"your-name\"><input size=\"40\" maxlength=\"400\" class=\"wpcf7-form-control wpcf7-text wpcf7-validates-as-required\" aria-required=\"true\" aria-invalid=\"false\" placeholder=\"Name\" value=\"\" type=\"text\" name=\"your-name\" \/><\/span>\n\t<\/p>\n\t<p><span class=\"wpcf7-form-control-wrap\" data-name=\"your-email\"><input size=\"40\" maxlength=\"400\" class=\"wpcf7-form-control wpcf7-email wpcf7-validates-as-required wpcf7-text wpcf7-validates-as-email\" aria-required=\"true\" aria-invalid=\"false\" placeholder=\"Email\" value=\"\" type=\"email\" name=\"your-email\" \/><\/span>\n\t<\/p>\n\t<p><span class=\"wpcf7-form-control-wrap\" data-name=\"your-message\"><textarea cols=\"40\" rows=\"10\" maxlength=\"2000\" class=\"wpcf7-form-control wpcf7-textarea wpcf7-validates-as-required\" aria-required=\"true\" aria-invalid=\"false\" placeholder=\"Message\" name=\"your-message\"><\/textarea><\/span>\n\t<\/p>\n\t<p><input class=\"wpcf7-form-control wpcf7-submit has-spinner\" type=\"submit\" value=\"Send Message\" \/>\n\t<\/p>\n<\/div><div class=\"wpcf7-response-output\" aria-hidden=\"true\"><\/div>\n<\/form>\n<\/div>\n[\/vc_column][\/vc_row]<\/p>\n","protected":false},"excerpt":{"rendered":"<p>[vc_row css=&#8221;.vc_custom_1487980213206{padding-top: 90px !important;}&#8221;][vc_column el_class=&#8221;is-small-container&#8221;][bloom_section_title title_text=&#8221;Contacto&#8221; subtitle_text=&#8221;&#8221;][\/bloom_section_title][vc_column_text css=&#8221;.vc_custom_1656408066098{margin-bottom: 0px !important;}&#8221;]Creemos que adem\u00e1s del talento humano es necesario un soporte t\u00e9cnico y tecnol\u00f3gico en la producci\u00f3n audiovisual, es por ello que contamos con las herramientas necesarias para ofrecer la m\u00e1s alta calidad en producci\u00f3n audiovisual. Si tienes alg\u00fan proyecto en mente, cu\u00e9ntanos y te ayudaremos con [&hellip;]<\/p>\n","protected":false},"author":1,"featured_media":1107,"parent":0,"menu_order":0,"comment_status":"closed","ping_status":"closed","template":"page-columns.php","meta":{"_monsterinsights_skip_tracking":false,"_monsterinsights_sitenote_active":false,"_monsterinsights_sitenote_note":"","_monsterinsights_sitenote_category":0,"footnotes":""},"class_list":["post-294","page","type-page","status-publish","has-post-thumbnail","hentry"],"aioseo_notices":[],"_links":{"self":[{"href":"https:\/\/www.supaymarketing.com\/photostock\/index.php\/wp-json\/wp\/v2\/pages\/294","targetHints":{"allow":["GET"]}}],"collection":[{"href":"https:\/\/www.supaymarketing.com\/photostock\/index.php\/wp-json\/wp\/v2\/pages"}],"about":[{"href":"https:\/\/www.supaymarketing.com\/photostock\/index.php\/wp-json\/wp\/v2\/types\/page"}],"author":[{"embeddable":true,"href":"https:\/\/www.supaymarketing.com\/photostock\/index.php\/wp-json\/wp\/v2\/users\/1"}],"replies":[{"embeddable":true,"href":"https:\/\/www.supaymarketing.com\/photostock\/index.php\/wp-json\/wp\/v2\/comments?post=294"}],"version-history":[{"count":3,"href":"https:\/\/www.supaymarketing.com\/photostock\/index.php\/wp-json\/wp\/v2\/pages\/294\/revisions"}],"predecessor-version":[{"id":1209,"href":"https:\/\/www.supaymarketing.com\/photostock\/index.php\/wp-json\/wp\/v2\/pages\/294\/revisions\/1209"}],"wp:featuredmedia":[{"embeddable":true,"href":"https:\/\/www.supaymarketing.com\/photostock\/index.php\/wp-json\/wp\/v2\/media\/1107"}],"wp:attachment":[{"href":"https:\/\/www.supaymarketing.com\/photostock\/index.php\/wp-json\/wp\/v2\/media?parent=294"}],"curies":[{"name":"wp","href":"https:\/\/api.w.org\/{rel}","templated":true}]}}